factor of 772602?
False
Does 6 divide 8774256?
True
Is 332242 a multiple of 11?
False
Is 14 a factor of 260964?
False
Is 136 a factor of 112008?
False
Does 322 divide 644966?
True
Is 860568 a multiple of 24?
True
Does 7 divide 1063900?
False
Is 2832688 a multiple of 222?
False
Is 10725 a multiple of 13?
True
Does 20 divide 357900?
True
Does 34 divide 288847?
False
Is 390 a factor of 375180?
True
Does 17 divide 355147?
True
Is 506 a factor of 142511?
False
Is 32333 a multiple of 135?
False
Is 410478 a multiple of 18?
False
Is 7382252 a multiple of 33?
False
Is 249532 a multiple of 61?
False
Is 3994270 a multiple of 70?
True
Is 59 a factor of 970904?
True
Is 608460 a multiple of 30?
True
Is 76 a factor of 295184?
True
Is 5 a factor of 1073398?
False
Is 82824 a multiple of 56?
True
Does 183 divide 1593299?
False
Does 10 divide 140031?
False
Is 8 a factor of 143152?
True
Is 15 a factor of 55875?
True
Is 35791 a multiple of 12?
False
Is 981112 a multiple of 150?
False
Is 246924 a multiple of 8?
False
Is 1083578 a multiple of 118?
False
Does 37 divide 1651051?
True
Is 9615280 a multiple of 173?
False
Is 366 a factor of 78492?
False
Is 5 a factor of 684128?
False
Does 9 divide 14022?
True
Does 51 divide 15197721?
False
Is 12058431 a multiple of 180?
False
Does 135 divide 4869855?
True
Is 210 a factor of 801990?
True
Is 1677 a factor of 8327982?
True
Does 30 divide 13170?
True
Is 26 a factor of 1366456?
True
Is 223 a factor of 333155?
False
Is 189 a factor of 157304?
False
Does 87 divide 22900?
False
Is 54268 a multiple of 6?
False
Is 415 a factor of 2468522?
False
Is 121238 a multiple of 14?
False
Is 78720 a multiple of 40?
True
Is 72 a factor of 729858?
False
Is 2137675 a multiple of 925?
True
Does 15 divide 10330560?
True
Does 59 divide 345327?
True
Does 673 divide 164785?
False
Is 664 a factor of 443057?
False
Is 220388 a multiple of 17?
True
Is 16488368 a multiple of 13?
True
Does 36 divide 71028?
True
Is 5110 a multiple of 10?
True
Is 78 a factor of 5330364?
True
Is 292656 a multiple of 138?
False
Does 46 divide 656386?
False
Is 2221986 a multiple of 26?
True
Is 37 a factor of 140822?
True
Does 16 divide 215695?
False
Does 84 divide 299964?
True
Is 69 a factor of 2550102?
True
Does 17 divide 369308?
True
Is 8357799 a multiple of 5?
False
Is 1770496 a multiple of 26?
True
Is 51 a factor of 201144?
True
Is 8 a factor of 76416?
True
Is 5723760 a multiple of 70?
True
Does 1083 divide 10128670?
False
Is 12809769 a multiple of 167?
False
Is 12 a factor of 487068?
True
Is 1039 a factor of 12249202?
False
Does 6 divide 26968?
False
Does 23 divide 10013133?
False
Is 2292170 a multiple of 85?
False
Does 30 divide 689640?
True
Is 10 a factor of 575708?
False
Does 427 divide 619950?
False
Does 131 divide 7649614?
True
Is 15937 a multiple of 2?
False
Is 127 a factor of 163703?
True
Does 46 divide 14909594?
False
Does 64 divide 17817?
False
Is 84639 a multiple of 89?
True
Is 176 a factor of 2974048?
True
Is 119 a factor of 3555143?
False
Is 166 a factor of 1351240?
True
Does 6 divide 1463850?
True
Is 311 a factor of 6239282?
True
Is 216696 a multiple of 475?
False
Is 1235760 a multiple of 38?
True
Is 3026907 a multiple of 39?
True
Is 25 a factor of 19504?
False
Is 3 a factor of 314257?
False
Is 352 a factor of 123904?
True
Is 30 a factor of 232830?
True
Does 6 divide 787169?
False
Is 1175205 a multiple of 14?
False
Is 564200 a multiple of 52?
True
Does 85 divide 2724165?
True
Is 165 a factor of 142065?
True
Is 58 a factor of 1570814?
True
Is 8 a factor of 2606264?
True
Is 208 a factor of 1557817?
False
Does 107 divide 128079?
True
Is 128 a factor of 6513559?
False
Is 318636 a multiple of 4?
True
Does 268 divide 439788?
True
Is 1534 a factor of 4279860?
True
Does 288 divide 1083873?
False
Does 763 divide 92077?
False
Does 13 divide 27681?
False
Is 3789696 a multiple of 8?
True
Is 70 a factor of 49991?
False
Does 277 divide 18218677?
False
Is 21817 a multiple of 32?
False
Does 169 divide 440245?
True
Does 33 divide 86592?
True
Is 11828992 a multiple of 128?
True
Does 266 divide 67298?
True
Is 11 a factor of 44093?
False
Does 333 divide 114804?
False
Does 26 divide 208312?
True
Is 121628 a multiple of 23?
False
Does 27 divide 857304?
True
Is 4 a factor of 45535?
False
Is 323291 a multiple of 26?
False
Does 970 divide 24093868?
False
Is 49459 a multiple of 7?
False
Is 1247449 a multiple of 101?
False
Does 112 divide 1272880?
True
Is 4 a factor of 54129?
False
Is 8 a factor of 39032?
True
Does 1650 divide 1518000?
True
Is 141822 a multiple of 9?
True
Is 4 a factor of 52548?
True
Is 149 a factor of 312985?
False
Does 1432 divide 233838?
False
Is 17 a factor of 2802545?
False
Does 91 divide 1099462?
True
Does 103 divide 44342?
False
Is 65 a factor of 1622270?
True
Does 18 divide 1363122?
True
Is 4929496 a multiple of 138?
False
Does 11 divide 235840?
True
Is 168063 a multiple of 635?
False
Is 32 a factor of 8974624?
True
Is 1693594 a multiple of 86?
False
Is 4256214 a multiple of 58?
True
Does 261 divide 681280?
False
Does 11 divide 1252207?
True
Is 19 a factor of 11343?
True
Does 342 divide 21736869?
False
Does 55 divide 149102?
False
Is 25 a factor of 2290089?
False
Does 3 divide 1613?
False
Does 478 divide 4893390?
False
Is 205 a factor of 148420?
True
Is 903452 a multiple of 44?
True
Is 7 a factor of 2219035?
True
Is 43 a factor of 132182?
True
Is 112965 a multiple of 17?
True
Does 9 divide 379089?
True
Is 15864940 a multiple of 20?
True
Is 672 a factor of 1222620?
False
Is 15 a factor of 843410?
False
Does 99 divide 7723671?
False
Is 33 a factor of 98242?
False
Is 308241 a multiple of 139?
False
Does 4 divide 28214?
False
Is 5 a factor of 59330?
True
Is 15171900 a multiple of 206?
True
Is 150 a factor of 1710300?
True
Is 348 a factor of 278400?
True
Is 72 a factor of 190119?
False
Does 7 divide 11011?
True
Does 16 divide 10105?
False
Is 96 a factor of 1651968?
True
Does 19 divide 84797?
True
Is 1110829 a multiple of 271?
True
Is 1585925 a multiple of 54?
False
Is 16919 a multiple of 154?
False
Is 568 a factor of 370559?
False
Is 675121 a multiple of 7?
False
Is 29 a factor of 19229275?
False
Is 16777 a multiple of 13?
False
Is 13 a factor of 240487?
True
Is 4202158 a multiple of 142?
False
Is 303957 even?
False
Is 2607817 even?
False
Does 44 divide 10120?
True
Is 219 a factor of 2609233?
False
Does 25 divide 27057?
False
Does 2 divide 12858?
True
Is 80928 a multiple of 6?
True
Is 95 a factor of 678697?
False
Is 136272 a multiple of 281?
False
Is 38 a factor of 107008?
True
Is 544148 a multiple of 149?
True
Does 16 divide 2039613?
False
Is 26 a factor of 465998?
True
Is 179 a factor of 3198454?
False
Is 9733618 a multiple of 576?
False
Does 33 divide 627297?
True
Does 69 divide 2048955?
True
Is 48097 a multiple of 48?
False
Is 366893 a multiple of 14?
False
Is 21 a factor of 213213?
True
Does 65 divide 206830?
True
Is 7 a factor of 1814392?
False
Does 8 divide 22546?
False
Does 102 divide 280092?
True
Is 10913000 a multiple of 70?
True
Does 161 divide 266999?
False
Is 14220 a multiple of 30?
True
Does 519 divide 912921?
True
Is 365 a factor of 1331520?
True
Is 502 a factor of 1919146?
True
Is 12 a factor of 221315?
False
Is 49 a factor of 712068?
True
Is 169087 a multiple of 186?
False
Does 72 divide 286200?
True
Is 12 a factor of 76392?
True
Is 2 a factor of 284479?
False
Is 2059256 a multiple of 18?
False
Does 216 divide 42768?
True
Does 59 divide 177327?
False
Is 180 a factor of 115920?
True
Does 18 divide 2916514?
False
Is 45 a factor of 21826?
False
Does 22 divide 159610?
True
Is 27 a factor of 7231?
False
Is 173646 a multiple of 198?
True
Does 388 divide 9037684?
True
Does 255 divide 283914?
False
Is 218 a factor of 1045310?
True
Is 259 a factor of 175333?
False
Does 98 divide 1533831?
False
Is 3518460 a multiple of 220?
True
Does 17 divide 98707?
False
Is 99 a factor of 366774?
False
Does 28 divide 672906?
False
Does 11 divide 12673?
False
Is 459032 a multiple of 98?
True
Is 6 a factor of 220981?
False
Is 460 a factor of 9521080?
True
Is 340773 a multiple of 109?
False
Is 2 a factor of 87417?
False
Is 1979791 a multiple of 10?
False
Does 1993 divide 21674271?
False
Is 620152 a multiple of 26?
True
Is 853528 a multiple of 52?
True
Does 97 divide 65224